{"id":1270,"date":"2014-03-14T11:01:16","date_gmt":"2014-03-14T10:01:16","guid":{"rendered":"http:\/\/swiss-functional-training.ch?page_id=1270"},"modified":"2020-11-05T06:54:10","modified_gmt":"2020-11-05T05:54:10","slug":"was-ist-functional-training","status":"publish","type":"page","link":"https:\/\/swiss-functional-training.ch\/?page_id=1270","title":{"rendered":"Was ist Functional Training?"},"content":{"rendered":"<p><i>Functional Training<\/i>\u00a0ist ein Konzept zur Verbesserung der k\u00f6rperlichen Leistungsf\u00e4higkeit. Nach dem Grundsatz; \u201aeine Kette ist nur so stark wie ihr schw\u00e4chstes Glied\u2018 werden Schwachstellen im Bewegungsverhalten des Trainierenden eruiert und dann versucht diese zu beseitigen. Aufbauend auf funktionellen Bewegungsmustern werden funktionelle Leistungsaspekte und sportartspezifische Fertigkeiten trainiert. Die dazu verwendeten \u00dcbungen sind durch aktive, artgerechte und dreidimensionale Bewegungsmuster gekennzeichnet, welche neben den konditionellen F\u00e4higkeiten immer auch die koordinativen\u00a0F\u00e4higkeiten miteinbeziehen und damit den K\u00f6rper m\u00f6glichst ganzheitlich fordern.<\/p>\n<p>Mehr dazu erfahren Sie hier: <a href=\"http:\/\/swiss-functional-training.ch?p=988\">Functional Training &#8211; to train with brain<\/a><\/p>\n","protected":false},"excerpt":{"rendered":"<p>Functional Training\u00a0ist ein Konzept zur Verbesserung der k\u00f6rperlichen Leistungsf\u00e4higkeit. Nach dem Grundsatz; \u201aeine Kette ist nur so stark wie ihr schw\u00e4chstes Glied\u2018 werden Schwachstellen im Bewegungsverhalten des Trainierenden eruiert und dann versucht diese zu beseitigen. Aufbauend auf funktionellen Bewegungsmustern werden &hellip; <a href=\"https:\/\/swiss-functional-training.ch\/?page_id=1270\">Weiterlesen <span class=\"meta-nav\">&rarr;<\/span><\/a><\/p>\n","protected":false},"author":1,"featured_media":0,"parent":0,"menu_order":0,"comment_status":"closed","ping_status":"closed","template":"sidebar-page.php","meta":{"footnotes":""},"class_list":["post-1270","page","type-page","status-publish","hentry"],"_links":{"self":[{"href":"https:\/\/swiss-functional-training.ch\/index.php?rest_route=\/wp\/v2\/pages\/1270","targetHints":{"allow":["GET"]}}],"collection":[{"href":"https:\/\/swiss-functional-training.ch\/index.php?rest_route=\/wp\/v2\/pages"}],"about":[{"href":"https:\/\/swiss-functional-training.ch\/index.php?rest_route=\/wp\/v2\/types\/page"}],"author":[{"embeddable":true,"href":"https:\/\/swiss-functional-training.ch\/index.php?rest_route=\/wp\/v2\/users\/1"}],"replies":[{"embeddable":true,"href":"https:\/\/swiss-functional-training.ch\/index.php?rest_route=%2Fwp%2Fv2%2Fcomments&post=1270"}],"version-history":[{"count":9,"href":"https:\/\/swiss-functional-training.ch\/index.php?rest_route=\/wp\/v2\/pages\/1270\/revisions"}],"predecessor-version":[{"id":2375,"href":"https:\/\/swiss-functional-training.ch\/index.php?rest_route=\/wp\/v2\/pages\/1270\/revisions\/2375"}],"wp:attachment":[{"href":"https:\/\/swiss-functional-training.ch\/index.php?rest_route=%2Fwp%2Fv2%2Fmedia&parent=1270"}],"curies":[{"name":"wp","href":"https:\/\/api.w.org\/{rel}","templated":true}]}}